11*i - i**2 - 3. What is c(x)?
9
Let d be (-4)/38 - 354/(-114). Let v(h) = 384*h - 1 + 1 + 5 + h**d - 389*h. Give v(2).
3
Suppose -4*m + 2*m + 10 = 0, -5*k - 2*m + 25 = 0. Suppose 6 - k = x. Let y(d) = 14 + x*d**2 + 12 + 0*d**2 - 28. What is y(2)?
10
Let l(a) = 13*a - 139. Suppose -3*y + 40 - 7 = -2*q, -5*y + 55 = 2*q. Determine l(y).
4
Let d(m) = -m**3 + 20*m**2 - 80*m + 796. Let v be d(18). Let k(t) = 5*t**2 - 7*t + 33. Calculate k(v).
85
Suppose 2 = q + f, -5*q + 2 = -3*q + 3*f. Let j(k) = 7*k**2 - 13*k - 8. Let y(n) = -3*n**2 + 7*n + 4. Let g(r) = q*j(r) + 9*y(r). Give g(-9).
-14
Suppose 4*w - 2*b = 30, 3*w + b = -3*b + 6. Suppose -w*i + 4*i + 16 = 0. Let s(f) = -3 + 4*f + 6 + i*f - f**2 - 7*f. Determine s(5).
3
Let l be (3/(-2))/((-10)/(5720/33)). Let t = -46 - -73. Let v(c) = -5*c - t*c**2 + c + l*c**2 - 3. Determine v(-3).
0
Let a(v) = -27*v - 135. Suppose 341*s + 181 = -31 - 1493. Calculate a(s).
0
Let p be -13 - 3/(-15)*(15 - (-36 - -16)). Suppose -2*w = -4*d + 21 + 5, 0 = -3*d - 2*w + 9. Let x(k) = d + k - 3 - 4. Give x(p).
-8
Suppose -3*b + a = -1, -6*b + 2*b + a + 2 = 0. Let s(l) be the first derivative of -16*l**3/3 - 3*l**2/2 + 2*l + 110. Determine s(b).
-17
Let m(z) be the first derivative of z**3/3 - 3*z**2/2 + 11*z - 9098. Give m(2).
9
Let t(p) = 2*p**2 + 11*p + 1. Let b be ((-6)/(-4))/(117/(-390)). Determine t(b).
-4
Let u(k) be the third derivative of k**6/120 + k**5/10 - k**4/6 - k**3 + 834*k**2. Determine u(-8).
-102
Let h(v) be the first derivative of -v**4/4 + 7*v**3/3 - 5*v**2/2 - 7*v - 260. What is h(5)?
18
Let n(l) = 3*l + 2. Suppose -3*b = -2*w - 16, -3*b + 10 = -4*w - 10. Let t be b*1*(-5)/(-10). Let s be (-1)/(t/(2 + 4)). Calculate n(s).
-7
Let c(n) = -4*n + 13. Let a(h) = -7*h + 13. Let k(b) = -12*b + 246. Let u be k(20). Let i(o) = u*c(o) - 4*a(o). What is i(-7)?
-2
Let q(g) = -9*g**2 - 691*g + 167. Let w be q(-77). Let o(s) = -2*s + 10. Give o(w).
-16
Let u(n) = -5*n**3 - 2*n**2 + 4*n - 18. Let m(i) = 9*i**3 + 6*i**2 - 7*i + 34. Let g(o) = 4*m(o) + 7*u(o). What is g(-10)?
10
Let b(d) = -5*d - 2. Let z(t) = t**3 - 8*t**2 + 5*t + 17. Let r be z(3). Give b(r).
63
Let b(f) = 5*f**2 + f**3 + 4 + 7*f - 2*f + 2. Suppose 2*s + 12 = 4*y, -2*y + 4*s = 1 - 7. Let z be ((-6)/(-3))/(y/(-6)). Calculate b(z).
2
Let v(d) be the first derivative of 4*d**3/3 + d**2 + 3*d - 782. Give v(-2).
15
Let n = 105 - -12. Let f(k) = -8*k + 0*k**2 + n + k**2 - 2*k**2 - k - 114. Determine f(-6).
21
Suppose 3*t - 3*j = 687, -2*j - 434 = -2*t - 8*j. Let v = t - 230. Let p(f) = -3*f + 2. Calculate p(v).
14
Let r(b) be the first derivative of -b**3/3 + 13*b**2/2 + 2*b + 825. Give r(17).
-66
Let t be (4/(-13))/((-7)/91). Let o(j) = -j**3 + j**2 - 2*j - 1. What is o(t)?
-57
Let d(m) be the third derivative of 1/60*m**5 - 35*m**2 + 0*m + m**3 + 5/24*m**4 - 1. Give d(-6).
12
Let q(n) = 5*n**2 - 23*n + 19. Let f be q(1). Let l(w) = 3*w + 4. Give l(f).
7
Let u(a) = a**2 - a + 8. Let b be u(-5). Let f = 63 - b. Suppose -6*l - 4 = -5*l - 2*x, f = 5*x. Let d(o) = -o**3 + 6*o**2 + 2*o - 1. What is d(l)?
11
Let o(p) = p**2 - p - 1. Let l(a) = -a**2 + 10*a + 1. Let u(b) = l(b) + 2*o(b). Let k = -127877 - -127868. Determine u(k).
8
Let s(y) be the second derivative of 3/2*y**2 + 0 + 1/30*y**5 - 1/8*y**4 + 0*y**3 - 6*y. Let q(t) be the first derivative of s(t). What is q(2)?
2
Let s be (-3 + (228/9 - 3))/(36/(-54)). Let j(i) = -3*i - 77. What is j(s)?
10
Let b(x) = -7*x + 31. Let n(h) = -19*h + 93. Let o(r) = -7*b(r) + 2*n(r). Let i be o(3). Let p(f) = 1 + f**3 + 2*f**2 - 3*f + 2*f**2 - f**2. Calculate p(i).
15
Let j(r) be the second derivative of -r**5/20 - r**4/3 + 2*r**3 + 7*r**2/2 - 752*r. Calculate j(-6).
7
Let x(n) = -n - 10. Let f = 38 - 50. Let t be ((-5)/(30/22))/((-2)/f). Let h be t + 14 - 1/(-1). Determine x(h).
-3
Let b be 1*(-1)/((-3)/21). Let h(w) = -3 + b*w - 3*w - 6*w + w**2. Suppose 30 = 3*p + 3*p. Calculate h(p).
12
Suppose 23 = -2*j - 3*v, 3*j + 9 = 2*j - v. Let y(l) = l**2 + 8*l + 12. Determine y(j).
-4
Let v(n) = 17*n - 11. Suppose -2*b + 11 = -5*s, 163*b + 4*s + 13 = 166*b. Calculate v(b).
40
Let c be -2 + -10 + -10 + 28. Let o(l) be the first derivative of -l**3/3 + 2*l**2 + 8*l - 2. Give o(c).
-4
Let v be ((-11)/22)/((-2)/4)*1. Let r(y) be the second derivative of 5/6*y**3 + 1/2*y**2 + 2*y - 11. What is r(v)?
6
Let n be (246491/42)/23 + 1/(-6). Let d = 254 - n. Let x(k) = -14*k**3 + 2*k**2 - 1. Calculate x(d).
15
Let g(s) = 3 - 3 - s - 2 - 119*s**2 + 118*s**2 - 4*s. Let l(k) = -4*k**2 - 67*k + 11. Let p be l(-17). Calculate g(p).
-8
Suppose -j + 28 = -4*q + 84, 5*q - 4*j = 59. Let p(d) = -6*d - 12*d + 3*d**2 - 21 - 2*d**2 + 4*d. What is p(q)?
-6
Let m(n) = 256*n**3 + 249*n**3 + 260*n**3 + 6 - 766*n**3 + 5*n**2 + 3*n. Give m(5).
21
Let d = 137 + 171. Suppose 3*b - 6*h - d = -h, 5*h - 328 = -3*b. Let m(x) = 8*x + 202 - 102 - x**2 - b. Calculate m(8).
-6
Let w = 62 - 66. Let s(b) = 5*b**3 - 7*b**2 + 5*b + 4. Let p(g) = 14*g**3 - 21*g**2 + 15*g + 13. Let f(h) = w*p(h) + 11*s(h). Give f(6).
-2
Let n(d) be the first derivative of -4*d**3/3 - d - 63046. Let p be (-10)/(-14) - (-4)/14. What is n(p)?
-5
Let l be (56/7)/(-16)*-10. Let y(r) = 14*r + 17. Let f(p) = 20*p + 27. Let m(t) = l*f(t) - 7*y(t). Give m(-13).
-10
Let o(p) = -2*p + 4. Let s(x) = -x**2 + 29. Let j(a) = a - 2. Let q(b) = 5*j(b) - s(b). Let m be q(5). Determine o(m).
-18
Suppose 142*z - 620 = 858 - 342. Let n(a) = -a**3 + 10*a**2 - 7*a - 16. Calculate n(z).
56
Let a(s) be the third derivative of s**5/60 - 5*s**4/8 - 29*s**3/6 + 2230*s**2 - s. What is a(15)?
-29
Let p(w) = -1 - 2*w**2 - 829*w + 3*w**3 + 830*w - 4*w**3. Let i be 4/3*9/6. Determine p(i).
-15
Let q(x) = 9*x - 10. Suppose 200*u - 245 = 165*u. Give q(u).
53
Let i = -14 - -22. Suppose 0 = -i*l + 11 + 21. Let c(g) = -2*g + 9. Give c(l).
1
Let x(u) = 2*u**2 - 15*u - 5. Let c(j) = 6*j**2 - 36*j - 8. Let q(y) = 2*c(y) - 5*x(y). What is q(-2)?
11
Let b(z) = z**2 - z. Let v(h) = -7*h**2 + 12*h + 1. Let r be ((-2)/3)/((-6)/9). Let y(l) = r*v(l) + 6*b(l). Let w = -67630 + 67635. Calculate y(w).
6
Let h(p) = -186*p - 2027. Let v be h(-11). Let f(x) = -x**2 + 19*x + 15. Determine f(v).
15
Let p(h) = -3*h**2 - 146*h + 192. Let o be p(-50). Let t(g) = -g**3 - 9*g**2 - 8*g - 18. Give t(o).
-18
Let n(o) = -o**3 - 10*o**2 - 6*o + 17. Let x be (-380)/45 + 70/(-126). What is n(x)?
-10
Let z(y) be the second derivative of -y**3/2 - 17*y**2 - 2*y + 21. What is z(0)?
-34
Let j(z) = 2259*z - 97 - 2254*z + 250 - z**2. Determine j(-10).
3
Let o(u) = -67*u**2 + 2*u - 3. Let f(h) = -133*h**2 + 9*h - 2. Let v(k) = f(k) - 2*o(k). Suppose -5*a - 6 = 24. What is v(a)?
10
Let s(i) = -i**3 - 9*i**2 - 10*i - 3. Suppose 28 = 5*p - 42. Let m(t) = t**3 + 29*t**2 + 2*t + 62. Let a be m(-29). Let v be (p/(-2))/(3*a/12). Give s(v).
-31
Let d(v) = v**3 + 2*v**2 + 4*v - 1. Let t(z) = -z**3 - 2*z**2 - 5*z + 2. Let k be (4*(-2)/(-12))/((-4)/30). Let g(w) = k*d(w) - 4*t(w). Give g(-3).
6
Let o(d) = -72*d - 55. Let i(x) = -11*x + 3. Let j(z) = 5*i(z) - o(z). Calculate j(-4).
2
Let r(x) = -12 - 21*x**2 + 44*x**2 + 0*x - 2*x - 22*x**2. Let g(w) = -w**2 - 32*w - 250. Let p be g(-17). Calculate r(p).
3
Let g(l) = 2*l**2 + 24*l + 37. Let b(r) = -49*r + 1803. Let z be b(37). Determine g(z).
-3
Let h(d) = -4*d**2 - 4*d - 3. Suppose 7*u = 12*q - 9*q - 11, q + 4*u = -9. What is h(q)?
-3
Suppose -5*j = -5*n - j - 2, -3*j = -9. Let c be (-4 + -1 - n) + 6 + -2. Let m(d) = d - 5. Let q(r) = 2*r - 4. Let k(v) = 5*m(v) - 6*q(v). Give k(c).
20
Suppose 0 = 9*j - 14*j - 105. Let x = j - -21. Suppose 3*p - 3*b + 27 = 0, 0 = -3*p - x*p + 2*b - 29. Let m(i) = i + 12. Give m(p).
1
Let q(x) = 382 - 216*x - 533 - x**2 + 255*x. What is q(35)?
-11
Let w(n) be the first derivative of -2*n**3/3 + 5*n**2 - 8*n - 3. Suppose -5*d - 4*h + 55 = 24, -2*d + 9 = 5*h. Give w(d).
-36
Let y(s) be the second derivative of s**5/20 + 11*s**4/6 - 11*s**3/3 - 5*s**2 + 998*s. Give y(-23).
-33
Let a(b) = 3*b + 5. Let r(v) = -3*v + 5 - v + 3*v + 4*v. Let f(h) = -5*a(h) + 6*r(h). Give f(-6).
-13
Let h(x) = 173*x - 92. Let j(v) = -215*v + 94. Let r(z) = 5*h(z) + 4*j(z). Give r(21).
21
Let c(p) = -p**2 + 38*p - 116. Let k be c(34). Let n(f) = -f**2 + 19*f - 2. What is n(k)?
-22
Suppose j = -2*j + 30. Let n